)?
-44
What is the value of 3 + (30 - (12 + -1))?
22
-1 + (-4 - -39) + -888 + 777
-77
What is (34 - 8 - -21) + -11 - -16?
52
Evaluate 59 - 159 - -67 - -32.
-1
5435 + -5424 - (21 + -1)
-9
Calculate (24 - (2 - -25)) + 1 + -6 - (-2 + 15).
-21
Calculate 5 - (92 + -21 + (-49 - -22)).
-39
Evaluate -24 + 0 - (-347 + 376) - 20.
-73
Calculate (46 - 66) + 19 + -3 + -15.
-19
What is 39 + -21 + (-9 - 18) + 24 + -58?
-43
Calculate -2 + 0 - (6 + 50 - -3 - -36).
-97
What is -51276 - -51265 - (-1 + -144 - 1)?
135
Calculate (2 + -3 - ((14 - -8) + -17) - 122) + 15.
-113
Calculate (51 - -31) + -9 + -1 + -16.
56
What is the value of 19 - (-31 + (117 - 22))?
-45
What is the value of 4 - 4 - 6 - (87 + 16 + -41)?
-68
What is the value of 10 + -1 + (5 - (-48 + (29 - 9)))?
42
Evaluate 2 + -1 + 2 + (-64 + 166 - 66).
39
What is the value of (0 - (3 - 29)) + 81 + -53?
54
Evaluate (3 - -1) + (-395 - -372 - (-1 + -14)).
-4
Calculate (44 - (36 + -3)) + -20.
-9
5 - -96 - (66 - 8)
43
What is the value of -9 - (243 + -258 + (-38 - (-1 + 4)))?
47
Evaluate -60 - (14 - 70) - -107.
103
What is -9 + (97 - (8 + (-15 - -9 - -9)))?
77
Calculate -19 + (123 - (-11 - 0) - 25).
90
Evaluate 91 - (13 - (-18 + 49)) - 10 - -11.
110
Calculate -5 + 5 - 16 - (-34 - (-20 - 29)).
-31
Evaluate (-36 - (-34 + -1)) + (29 - -1).
29
(-118 + 53 - -20) + 6
-39
What is -1 + 36 + (1603 - 1646)?
-8
((-35 - 49) + 92 - (-3 + 10)) + 0 + -56
-55
Evaluate (-7995 - -8013) + -9 + (0 - 1).
8
Evaluate (-22 + -20 - -22) + -34.
-54
What is the value of -12 + -23 + (-1 - -26) - (2 + -20)?
8
What is the value of (949 - 939) + (1 - -1 - -34)?
46
Calculate 1 - -19 - (89 + (-72 - -69)).
-66
Evaluate 1081 + -1067 + (1 - 103).
-88
Calculate -3 - ((3 + -1 - -2) + -364 + 356).
1
What is 7 + (-15 - 19) + 1 + -10 + 6?
-30
What is the value of (215 + -59 - 52) + -214?
-110
What is the value of -14 - -2 - (-205 - -260)?
-67
549 + -508 - (-1 + 0)
42
Evaluate (-3 - 7) + 64 + -50 - -11.
15
(48 + -25 + -22 - (-2 + 13)) + 99
89
Evaluate (-49 + 33 - (1 + -12)) + -10 + -132 + -8.
-155
Evaluate -13 + ((3 - -4) + -4 - -30) + 5.
25
What is the value of 286 + -313 + (29 - (4 - 5))?
3
-5 + -43 - ((0 - (22 + -9)) + (-6 - -12))
-41
Evaluate -12 - (-13 + (-14 - -20) + (69 - (10 - 6))).
-70
1 - 59 - (-29 - ((3 - -17 - 18) + -26))
-53
Calculate -22 - -8 - (-55 - -52) - -7.
-4
What is 112 + -126 - (-8 - 12)?
6
What is 2 + -70 - ((46 + -54 - (1 + 5)) + 11)?
-65
Calculate (17 - 4) + -1 + 10 + -15 + -2.
5
Calculate 54 - (-79 - -118) - (41 + 2 + -4).
-24
What is 15 + 0 + (4119 - 4107)?
27
Evaluate (86 - (112 + 68)) + 174.
80
Evaluate 60 + (-36 + 10 - -7).
41
Calculate -64 + (59 - 5) + 55.
45
Calculate -2 - -37 - -11 - 86.
-40
26 - (23 + 22 + -25) - -16
22
106 - 100 - (-6 + 5 - -46)
-39
2 + (-21 - (3 - 61) - -28)
67
What is -37 + (-9 - 0) - (167 - 141)?
-72
What is -2 - -35 - (171 - 193)?
55
Evaluate 72 - -78 - (15 + 120).
15
What is 0 - -3 - (143 + -68 + -85)?
13
Evaluate -3 + (8 - 4) + (82 - 98).
-15
Evaluate -44 + 32 + (-13 - (3 + -21 + 49)).
-56
(-94 - ((0 - -4) + -9)) + (-492 - -513)
-68
Calculate 58 + -56 - -3 - 26.
-21
Calculate (-9 - (15 - 10)) + 1 - (-1 - 19 - 7).
14
(-7 + -2 - (-50 + 47)) + (-3 + 13 - -37)
41
-8 - (-10 + (-15 - -5 - -3)) - (0 - 20)
29
(33 - -2) + 0 + (15 - 17 - -9) + -1
41
What is the value of (-95 + 31 - -25) + 0 + -15?
-54
Calculate (12 + 16 + -11 - (-8 - -17)) + 4.
12
What is the value of -13 + -6 - (-22 + (10 - 100))?
93
Evaluate -5 + 3 - 39 - (1005 + -999).
-47
2 + -6 + (1244 - 1228) + 1 + -1
12
-19 + (-49 - 2) + 30
-40
-1 + 159 - (-83 - -9 - (10 - 106))
136
What is -99 + 21 + 49 - -53?
24
Evaluate -66 + 0 + (67 - (-35 - -92)).
-56
What is 81 + (-215 - -227 - (2 - 0) - 0)?
91
Calculate -8 - (-7 - 41) - (147 + -158 - (-6 - 0)).
45
What is 13 + -13 + 15 - -59?
74
Evaluate 6 + -2 - (-29 - (60 - 70)).
23
What is the value of 0 + 36 + -480 + 492?
48
Calculate -2 - (-34 - (-27 + 0)) - (2 - -61).
-58
Calculate 2 + -87 + -3525 + 3575.
-35
(2003 - 1956) + -14 + (2 + -4 - -1)
32
What is 218 + (-55 + -84 - 0)?
79
Calculate (-23 - -31) + (2 - 23).
-13
What is 94 + -120 - (-5 + -23) - 89?
-87
What is 2 + -23 - (1464 - 1555)?
70
Calculate 13 + (1 - (-4 - -11)) - (-32 + 80).
-41
What is -80 - ((-471 - -451) + (-13 - 0))?
-47
Calculate -14 - (-7 - (-8 - (-1 + -3))) - 10.
-21
Evaluate -12 + (170 - 69) - 90.
-1
What is the value of 17 + (68 - 37) + -2 + -19?
27
Evaluate -40 + (14 - (5 + -3 + 12)) + -9.
-49
Calculate 13 + (41 - 33) + 9 + 2.
32
Calculate -22 - (3 + -5) - (3528 - 3497).
-51
What is the value of 2 - (-2 - -12 - (22 + (-76 - -13)))?
-49
What is the value of -1 + 5 - (139 - 115 - (1 - 46) - -14)?
-79
What is the value of 16 - (157 + -163 - (16 + 3))?
41
Calculate -12 + (9 - 7) - ((15 - 7) + 10).
-28
What is -274 - -203 - (-90 + -1)?
20
Calculate 1 + 59 - (19436 - 19423).
47
Evaluate 6 + -48 + 0 + 1 + 22 + -12.
-31
What is the value of 91 - (-89 + 96 + -15 + -17 + -1)?
117
What is (7 - (-36 - 5)) + (662 - 603)?
107
(21 - -213) + -118 - 56
60
What is the value of 8 - (-31 - (-7 + 8)) - (-11 - -26 - 21)?
46
Calculate 12 + -16 + -1 + 3 + 15 + (28 - 113).
-72
What is the value of -26 + (-46 - -113 - 79)?
-38
What is 32 + (14 - 5) - (-19 + 35)?
25
Calculate 48 - ((-45 - 1) + 113) - (-3 - -72).
-88
190 - (148 + (-81 - -82))
41
What is 8 + -5 - -3 - -3 - (3 + 0)?
6
Calculate (-16 - -49) + (43 - 34).
42
(108 - 33) + -50 + 5
30
Evaluate 12 + ((-9 + 0 - 0) + 11 - 6).
8
What is the value of (115 - 142 - (-2 - 22)) + -29 + -1 + 1?
-32
What is the value of (29 - (7 - 2)) + -637 + 585?
-28
Evaluate -33 - (3 + -22 + 20 + 7).
-41
-63 + (-52 - (-31 - 65))
-19
Calculate -1 + -12 - 2 - (119 + -24 + -63).
-47
What is the value of 10 + 21 + -11 + -13 + -56?
-49
What is 6 - 0 - 6 - 11 - (32 + 17 + -37)?
-23
What is 28 - (-30 - -44 - 45 - -17)?
42
What is 8 + 2 + 51 - ((20 - 6 - -1) + -9)?
55
3 - (34 + -7 - (9 - (13 + -6)))
-22
What is the value of -60 - ((-51 - -75) + -64)?
-20
What is -38 - (-40 - -112) - -233?
123
What is the value of -63 - (29 + -46 - -35) - (1 + -14)?
-68
What is 70 + -9 - ((7 - 14) + 57)?
11
1 + 5 + ((-6 + 16 - 48) + 3 - -17)
-12
Calculate -38 - (48 - 58) - -26.
-2
Calculate -6 - (-15 + (-10 - -16)) - (-14 + 6).
11
Evaluate 1 - (-20 - -1) - (181 + (9 - 137)).
-33
Calculate (-94 - -105) + -8 + 1 + -7 + 47.
44
Evaluate (104 - (-147 + 97)) + -58.
96
-2 - (12 - 1) - (-2148 - -2136)
-1
What is the value of 47 + -113 - (-102 - 24)?
60
-40 + -24 + (-25 - -37) + 9
-43
What is the value of 9 + (-2 - -3) + (-37 - (54 + -65)) + -5?
-21
What is the value of -11 - (17 + -17 - (-32 - 0))?
-43
What is 31 + -14 + (13 - (-11 - (11 + -15)))?
37
What is the value of 37 - ((-61 - (41 - 42)) + -5)?
102
What is the value of (14 - (-34 + 84)) + -7 + -8?
-51
((15 - 2) + -16 - -13) + -40 + -7
-37
32 - (0 + 1) - ((-630 - -192) + 431)
38
Evaluate 32 - (-2 + (16 + -9 - 2 - -1)).
28
Calculate -76 - (-16 + -8 + 30 + -16 + 25).
-91
What is -21 + 2 - (1 + (15 + -17 - -12))?
-30
25 - (-20 + 62 - 39)
22
Calculate -46 + (99 + -48 - -7).
12
What is the value of (-134 + 96 - -65) + -75?
-48
Calculate -2 - (-40 - (16 + -17)).
37
Calculate -10 + (-16 - -20 - 5) + 0.
-11
578 + -560 + (-4 - -6)
20
Calculate -82 + 0 + -3 + (22 + -10 + 6 - 25).
-92
What is the value of 70 - -4 - 51 - 95?
-72
-16 + (-2 + 21 - (-22 + 5 + 25)) - 32
-37
2 + 12 + -7 + 9 + (-133 - -26)
-91
Calculate -31 + -42 + 79 - (2 - 34).
38
Evaluate (35 - (3 - 1)) + (165 - 167 - (-9 - -2)).
38
What is 658 + -506 - (140 - -8)?
4
What is (0 - 2) + -24 + (47 - (67 + 13 + -45))?
-14
Evaluate -12 + 4 + (-10 - 1) + -27.
-46
Evaluate -41 + -8 + (91 - 68).
-26
Evaluate (-1 - -27) + (-11 - -8 - (-8 + (8 - -5))).
18
What is 30 - (-162 - (-111 + 25))?
106
What is 59 - (-18 - (-15 + -13))?
49
What is 28 + -34 + 16 + (3 + 4 - 0)?
17
Evaluate 1317 - 1322 - (-39 - 2 - -3).
33
What is (27 - 2) + (-22 - -8) + 3 + -14 + 66?
66
29 + (7 - 47) - 13
-24
1773 + -1697 + -43 + -2
31
Calculate (35 - -22) + -34 + (-6 - (-2 - -3)).
16
Evaluate 168 + 75 + -167 + -65.
11
Evaluate 31 + -59 + 38 - (16 - -4) - -120.
110
Calculate (-6 - 3) + -3 - (-12 + 14) - 29.
-43
Evaluate 2 + -11 + 7 + -21 + (1 - -9).
-13
What is -13 + -12 - -73 - 40?
8
Calculate 71 + -35 + 46 + (0 + 5 - (0 + 12)).
75
What is -88 + (95 - 42) - -24?
-11
1 + -35 + -2